he prime factors of 49020644.
2, 12255161
List the prime factors of 1051657885.
5, 19, 29, 13163
List the prime factors of 5751690.
2, 3, 5, 7, 61, 449
List the prime factors of 3524474258.
2, 31, 47, 1049, 1153
What are the prime factors of 1143095905?
5, 7, 3001, 10883
What are the prime factors of 10827109?
1979, 5471
List the prime factors of 1089588006.
2, 3, 13, 479, 9721
List the prime factors of 60614575.
5, 7, 346369
List the prime factors of 793145892.
2, 3, 7, 11, 23, 37321
What are the prime factors of 4668367?
11, 424397
What are the prime factors of 534700149?
3, 709, 251387
List the prime factors of 399160944.
2, 3, 7, 13, 83, 367
What are the prime factors of 33175069?
73, 454453
List the prime factors of 1285593071.
7, 1237, 148469
What are the prime factors of 4249960?
2, 5, 11, 13, 743
List the prime factors of 125502.
2, 3, 13, 1609
List the prime factors of 32846238.
2, 3, 43, 42437
List the prime factors of 1265765293.
13, 97366561
What are the prime factors of 41224583?
41224583
List the prime factors of 170107685.
5, 11, 37, 83591
List the prime factors of 1582595917.
7, 29, 7796039
List the prime factors of 1192247265.
3, 5, 11, 71, 101771
List the prime factors of 51039985.
5, 19, 28277
What are the prime factors of 229702540?
2, 5, 11485127
List the prime factors of 5171449665.
3, 5, 131, 331, 7951
List the prime factors of 77062343.
17, 4533079
List the prime factors of 38042217.
3, 469657
What are the prime factors of 299158579?
37, 61, 132547
What are the prime factors of 183371858?
2, 139, 659611
List the prime factors of 1794015454.
2, 7, 11, 19, 139, 401
What are the prime factors of 231704787?
3, 77234929
What are the prime factors of 2124042204?
2, 3, 53, 61, 1033
List the prime factors of 234511377.
3, 78170459
List the prime factors of 2185196082.
2, 3, 17, 3617, 5923
List the prime factors of 2565782516.
2, 11, 58313239
List the prime factors of 827780257.
113, 757, 9677
List the prime factors of 468172358.
2, 41, 47, 331, 367
List the prime factors of 1253251150.
2, 5, 641, 39103
What are the prime factors of 212822727?
3, 13, 5456993
What are the prime factors of 82168721?
569, 144409
What are the prime factors of 44299968?
2, 3, 230729
List the prime factors of 29538847.
13, 2272219
What are the prime factors of 79962335?
5, 15992467
List the prime factors of 871653.
3, 29, 43, 233
What are the prime factors of 56164858?
2, 757, 37097
What are the prime factors of 2902572108?
2, 3, 1871, 43093
List the prime factors of 1193129302.
2, 31, 277, 69473
List the prime factors of 277843608.
2, 3, 7, 61253
List the prime factors of 202776126.
2, 3, 7, 491, 9833
What are the prime factors of 43125183?
3, 1597229
What are the prime factors of 55327856?
2, 3457991
What are the prime factors of 32191470?
2, 3, 5, 357683
What are the prime factors of 3935336469?
3, 1311778823
What are the prime factors of 68617568?
2, 233, 9203
What are the prime factors of 321743542?
2, 683, 235537
What are the prime factors of 6000894470?
2, 5, 3259, 184133
List the prime factors of 3074645616.
2, 3, 7, 127, 72053
List the prime factors of 7119165.
3, 5, 157, 3023
What are the prime factors of 87355305?
3, 5, 1941229
What are the prime factors of 34293469?
7, 4899067
What are the prime factors of 10044884?
2, 1321, 1901
What are the prime factors of 3784618936?
2, 7, 557, 121333
List the prime factors of 71550175.
5, 1193, 2399
What are the prime factors of 1710857583?
3, 443, 429109
What are the prime factors of 225347281?
47, 157, 30539
What are the prime factors of 258045075?
3, 5, 53, 7213
What are the prime factors of 36610386?
2, 3, 53, 115127
What are the prime factors of 53326382?
2, 17, 1568423
List the prime factors of 30270910.
2, 5, 73, 41467
What are the prime factors of 119718492?
2, 3, 9976541
List the prime factors of 2793055151.
97, 28794383
List the prime factors of 6991110148.
2, 11, 157, 1012031
List the prime factors of 57256483.
53, 1080311
List the prime factors of 1768544874.
2, 3, 29, 281, 4019
What are the prime factors of 344422624?
2, 7, 13, 118277
List the prime factors of 4158547089.
3, 17, 67, 1217017
What are the prime factors of 1085878473?
3, 71, 593, 8597
List the prime factors of 2834029155.
3, 5, 151, 1251227
List the prime factors of 421996347.
3, 46888483
What are the prime factors of 673149267?
3, 7, 10684909
List the prime factors of 1687462898.
2, 11, 76702859
What are the prime factors of 1986189467?
1913, 1038259
List the prime factors of 402000569.
229, 677, 2593
List the prime factors of 90411604.
2, 22602901
What are the prime factors of 379252587?
3, 7, 257, 70271
List the prime factors of 29512473.
3, 23, 427717
List the prime factors of 498803055.
3, 5, 223, 149119
List the prime factors of 656931093.
3, 7, 13, 49109
List the prime factors of 15381297.
3, 1709033
List the prime factors of 1765713.
3, 588571
List the prime factors of 13160788.
2, 17, 193541
What are the prime factors of 1970901511?
17, 115935383
List the prime factors of 26271497.
7, 23, 23311
List the prime factors of 520197589.
10667, 48767
List the prime factors of 5473482538.
2, 2099, 1303831
What are the prime factors of 981726475?
5, 103, 381253
What are the prime factors of 41058464?
2, 43, 53, 563
What are the prime factors of 100268243?
100268243
What are the prime factors of 88713073?
88713073
List the prime factors of 3109776611.
113, 27520147
What are the prime factors of 234058632?
2, 3, 43, 337, 673
List the prime factors of 9717782.
2, 4858891
What are the prime factors of 1631207096?
2, 97, 151, 13921
List the prime factors of 191672392.
2, 47, 509767
What are the prime factors of 98246847?
3, 32748949
What are the prime factors of 34780048?
2, 23, 29, 3259
What are the prime factors of 428874515?
5, 85774903
What are the prime factors of 508497187?
11, 2663, 17359
What are the prime factors of 338616841?
19, 53, 336263
List the prime factors of 12576098.
2, 1933, 3253
List the prime factors of 25609892.
2, 7, 11, 7559
List the prime factors of 91529028.
2, 3, 101, 2797
What are the prime factors of 56119347?
3, 6235483
List the prime factors of 172267344.
2, 3, 97, 4111
List the prime factors of 96271655.
5, 19254331
What are the prime factors of 1547383511?
109, 1229, 11551
What are the prime factors of 172126561?
151, 1139911
List the prime factors of 48357431.
23, 2102497
List the prime factors of 612774321.
3, 29, 7043383
What are the prime factors of 37049157?
3, 457397
List the prime factors of 5212211079.
3, 23, 599, 5483
What are the prime factors of 58842575?
5, 11, 213973
What are the prime factors of 252177520?
2, 5, 7, 23, 2797
What are the prime factors of 245060109?
3, 7, 3889843
List the prime factors of 3199463732.
2, 19, 233, 180679
What are the prime factors of 326423448?
2, 3, 13, 277, 1259
What are the prime factors of 3137260783?
3137260783
What are the prime factors of 88537620?
2, 3, 5, 137, 10771
List the prime factors of 31386825.
3, 5, 46499
What are the prime factors of 221496721?
13687, 16183
What are the prime factors of 61197278?
2, 59, 518621
What are the prime factors of 78225298?
2, 149, 262501
What are the prime factors of 112603391?
1009, 111599
List the prime factors of 1355738374.
2, 173, 1361, 2879
List the prime factors of 4127603594.
2, 2063801797
List the prime factors of 8199766.
2, 4099883
List the prime factors of 5412058488.
2, 3, 2087, 36017
What are the prime factors of 4214213400?
2, 3, 5, 1223, 5743
What are the prime factors of 1712075688?
2, 3, 31, 59, 13001
List the prime factors of 1037939283.
3, 115326587
What are the prime factors of 58588914?
2, 3, 61, 160079
What are the prime factors of 392603097?
3, 823, 159013
What are the prime factors of 1287085961?
7, 571, 322013
List the prime factors of 552054105.
3, 5, 73, 163, 1031
What are the prime factors of 4031094380?
2, 5, 201554719
What are the prime factors of 230100596?
2, 11, 239, 21881
List the prime factors of 2262737224.
2, 11, 25712923
List the prime factors of 507008430.
2, 3, 5, 67, 28027
List the prime factors of 1911637907.
1911637907
List the prime factors of 833288786.
2, 11, 37876763
List the prime factors of 161684152.
2, 7, 2887217
List the prime factors of 102943417.
29,